ite?
True
Is 1347731399 a composite number?
True
Is 180594647 composite?
False
Is 8338900057 a prime number?
True
Is 159339967777 a prime number?
False
Is 1528230031 prime?
False
Is 939065713 composite?
True
Is 975984167 a composite number?
False
Is 368394193 prime?
True
Is 53570361809 a composite number?
True
Is 40887292361 a prime number?
True
Is 770423393 prime?
True
Is 59425572893 a prime number?
True
Is 37757330917 prime?
False
Is 29934818311 a composite number?
True
Is 7213581071 composite?
False
Is 1534507259 a prime number?
True
Is 5512580527 composite?
False
Is 361439377 a composite number?
True
Is 121740956923 a composite number?
True
Is 1594276561 a prime number?
True
Is 121183943 composite?
True
Is 2612743589 a prime number?
True
Is 78339745037 a composite number?
False
Is 167184697 composite?
True
Is 509774515 composite?
True
Is 30088188061 a prime number?
False
Is 879663209 a composite number?
True
Is 421071595759 a prime number?
True
Is 4369672581 composite?
True
Is 4314048103 a prime number?
False
Is 2443942789 prime?
True
Is 6305758309 a prime number?
True
Is 8271339113 a prime number?
False
Is 5354051291 a prime number?
False
Is 221046803 prime?
False
Is 3705639891 prime?
False
Is 1602678697 composite?
False
Is 1051704781 a composite number?
True
Is 30912053129 prime?
True
Is 596104367 prime?
False
Is 304302991 composite?
True
Is 143387816359 prime?
False
Is 54076026161 a composite number?
False
Is 6873442811 composite?
True
Is 70127174839 a prime number?
False
Is 70559366695 composite?
True
Is 119797901 a composite number?
False
Is 2319565741 a prime number?
True
Is 7164740363 composite?
True
Is 644040913 a prime number?
True
Is 2561967091 a prime number?
True
Is 7283865557 a composite number?
False
Is 83255386486 a prime number?
False
Is 66293102657 a prime number?
False
Is 2598454487 a prime number?
False
Is 9364325413 prime?
False
Is 11765858905 a prime number?
False
Is 153263324453 a composite number?
False
Is 929056613 a prime number?
False
Is 1342162183 composite?
True
Is 89614836629 a composite number?
False
Is 33206433151 prime?
False
Is 657067249 a composite number?
False
Is 41400822107 a composite number?
False
Is 21150505 a prime number?
False
Is 3683234183 a prime number?
False
Is 57463339083 a prime number?
False
Is 1659730253 a composite number?
True
Is 2999126597 a composite number?
False
Is 2077108871 a composite number?
False
Is 16461224231 prime?
True
Is 628856903 a composite number?
True
Is 7509839 a prime number?
True
Is 4071185753 composite?
True
Is 3030057073 prime?
True
Is 4312793813 a composite number?
True
Is 1170881489 a composite number?
False
Is 409800527 prime?
True
Is 385079843 a prime number?
False
Is 91434322349 composite?
False
Is 3706990541 a composite number?
False
Is 17005773193 composite?
True
Is 14959582879 prime?
False
Is 4816987069 composite?
False
Is 17460122279 a composite number?
False
Is 1382381522 prime?
False
Is 51177549779 a composite number?
False
Is 1012245421 a prime number?
False
Is 207315230527 prime?
False
Is 1084853807 composite?
True
Is 7503903569 a composite number?
True
Is 930043589 a prime number?
True
Is 27659911921 a composite number?
False
Is 34376074439 prime?
False
Is 2290958006 a prime number?
False
Is 83250617083 a prime number?
True
Is 236461417 a composite number?
True
Is 230266750409 prime?
True
Is 1956657137 a composite number?
True
Is 27387419923 prime?
False
Is 233122280867 a prime number?
False
Is 7554279133 a composite number?
False
Is 11005578977 a composite number?
True
Is 21974357 a composite number?
False
Is 90091013 a composite number?
False
Is 131740853 a prime number?
True
Is 41356802 composite?
True
Is 13956915911 a composite number?
True
Is 1265698663 a prime number?
False
Is 64713989 a composite number?
True
Is 10823184145 a composite number?
True
Is 200975701 composite?
False
Is 963866773 prime?
False
Is 9342516721 a composite number?
True
Is 311680063 prime?
False
Is 7045180763 prime?
True
Is 632862415 a composite number?
True
Is 95527457 prime?
True
Is 575666027 prime?
True
Is 396832367 a prime number?
True
Is 897437791 prime?
True
Is 24726348529 a composite number?
False
Is 654027809 a prime number?
True
Is 179295824389 composite?
True
Is 151478567 prime?
False
Is 48730444849 composite?
True
Is 98620661947 composite?
False
Is 4182691697 composite?
False
Is 5741281427 prime?
False
Is 49244263847 prime?
False
Is 3220586623 a composite number?
False
Is 17068211731 a prime number?
False
Is 562721959 a prime number?
True
Is 52430400959 a composite number?
True
Is 42170842661 a prime number?
False
Is 3948355039 prime?
False
Is 129002283869 prime?
True
Is 48477057067 a composite number?
False
Is 118869255506 a composite number?
True
Is 4685917987 a composite number?
False
Is 13759736041 composite?
True
Is 922452683 a prime number?
False
Is 29192078887 prime?
False
Is 2547059429 prime?
False
Is 84761413069 a prime number?
True
Is 3147831133 composite?
True
Is 30488189099 composite?
False
Is 5958539303 composite?
False
Is 143151061 prime?
False
Is 116079890867 a composite number?
True
Is 88046168411 prime?
False
Is 149447065427 a composite number?
True
Is 287007037 a composite number?
False
Is 3090635897 a prime number?
True
Is 6481108957 composite?
False
Is 2627801507 a prime number?
True
Is 4159882789 a composite number?
False
Is 10865204599 a prime number?
False
Is 10450529503 a composite number?
True
Is 4639437973 prime?
False
Is 694518313 composite?
False
Is 19573657599 composite?
True
Is 38189045161 prime?
False
Is 58689255311 prime?
False
Is 2970992407 a composite number?
True
Is 42013356811 a composite number?
False
Is 18215660783 composite?
False
Is 37404784757 prime?
True
Is 3186642691 a prime number?
True
Is 369465373 prime?
False
Is 3276028747 prime?
False
Is 12496162405 a prime number?
False
Is 7005222871 a prime number?
False
Is 15332304839 a prime number?
False
Is 4266980621 a composite number?
False
Is 5418469587 composite?
True
Is 4410654463 a composite number?
False
Is 5321197621 prime?
False
Is 9953976931 a prime number?
True
Is 652623245 a prime number?
False
Is 326824559 a composite number?
True
Is 6296884921 a prime number?
False
Is 1054565333 a composite number?
False
Is 2258894471 a prime number?
False
Is 9103869289 composite?
True
Is 458940059 a prime number?
True
Is 616884977 a prime number?
True
Is 72683175065 a prime number?
False
Is 890114789 a prime number?
False
Is 1674432077 composite?
True
Is 194467289 prime?
True
Is 39422181881 prime?
True
Is 2210401969 prime?
True
Is 2348148863 a prime number?
True
Is 18551358271 a prime number?
True
Is 82421274079 a composite number?
True
Is 296761253 a prime number?
False
Is 1633033709 prime?
False
Is 27432789349 composite?
True
Is 28680336494 composite?
True
Is 620011237 a composite number?
False
Is 1176005059 prime?
True
Is 1022165611 a prime number?
True
Is 396591343 prime?
False
Is 4838716677 prime?
False
Is 390134527 a composite number?
False
Is 750715033 composite?
False
Is 14887082983 composite?
True
Is 1001321759 composite?
True
Is 51027575429 composite?
False
Is 14462833133 a prime number?
False
Is 5346914423 composite?
False
Is 373990954655 prime?
False
Is 81243355201 a prime number?
False
Is 6071165677 a prime number?
True
Is 37097195 a prime number?
False
Is 634747957 prime?
True
Is 5529407837 a prime number?
True
Is 4649508595 composite?
True
Is 880918691 a composite number?
False
Is 930692611 a composite number?
False
Is 67416653 a composite number?
False
Is 9673247899 composite?
True
Is 17689195039 a prime number?
False
Is 7389643519 a prime number?
True
Is 2698021201 a composite number?
False
Is 12855725693 a prime number?
True
Is 18003134783 a composite number?
True
Is 3997584179 composite?
True
Is 6166745493 prime?
False
Is 14493471311 prime?
False
Is 498654413 prime?
True
Is 81751733357 prime?
False
Is 52391495909 a composite number?
False
Is 819755621 a composite number?
False
Is 8009439001 a prime number?
True
Is 105169741 a prime number?
True
Is 19889371273 composite?
True
Is 31507392919 prime?
False
Is 25128710921 composite?
True
Is 2256932066 prime?
False
Is 3334196189 a composite number?
False
Is 37692331927 prime?
True
Is 407934811 a composite numb